{"id":119220,"date":"2026-05-09T11:05:52","date_gmt":"2026-05-09T11:05:52","guid":{"rendered":"https:\/\/miidaz.com\/?product=antiestres-bola-2"},"modified":"2026-05-13T13:48:25","modified_gmt":"2026-05-13T13:48:25","slug":"antiestres-bola-2","status":"publish","type":"product","link":"https:\/\/miidaz.com\/?product=antiestres-bola-2","title":{"rendered":"Antiestr\u00e9s Bola"},"content":{"rendered":"<p>Pelota antiestr\u00e9s de material suave y flexible, ideal para aliviar la tensi\u00f3n en las manos y mejorar la concentraci\u00f3n. Su dise\u00f1o compacto permite llevarla f\u00e1cilmente en el bolso o escritorio, siendo perfecta para usar en momentos de estr\u00e9s o como herramienta de relajaci\u00f3n diaria.<\/p>\n","protected":false},"excerpt":{"rendered":"<p>Pelota antiestr\u00e9s de material suave y flexible, ideal para aliviar la tensi\u00f3n en las manos y mejorar la concentraci\u00f3n. Su dise\u00f1o compacto permite llevarla f\u00e1cilmente en el bolso o escritorio, siendo perfecta para usar en momentos de estr\u00e9s o como herramienta de relajaci\u00f3n diaria.<\/p>\n","protected":false},"featured_media":0,"comment_status":"open","ping_status":"closed","template":"","meta":{"_uag_custom_page_level_css":""},"product_brand":[],"product_cat":[40],"product_tag":[112],"class_list":{"0":"post-119220","1":"product","2":"type-product","3":"status-publish","5":"product_cat-antiestres","6":"product_tag-temporada-irresistibles","8":"first","9":"outofstock","10":"shipping-taxable","11":"product-type-variable"},"aioseo_notices":[],"uagb_featured_image_src":{"full":false,"thumbnail":false,"medium":false,"medium_large":false,"large":false,"1536x1536":false,"2048x2048":false,"woocommerce_thumbnail":false,"woocommerce_single":false,"woocommerce_gallery_thumbnail":false},"uagb_author_info":{"display_name":"","author_link":"https:\/\/miidaz.com\/?author=0"},"uagb_comment_info":0,"uagb_excerpt":"Pelota antiestr\u00e9s de material suave y flexible, ideal para aliviar la tensi\u00f3n en las manos y mejorar la concentraci\u00f3n. Su dise\u00f1o compacto permite llevarla f\u00e1cilmente en el bolso o escritorio, siendo perfecta para usar en momentos de estr\u00e9s o como herramienta de relajaci\u00f3n diaria.","_links":{"self":[{"href":"https:\/\/miidaz.com\/index.php?rest_route=\/wp\/v2\/product\/119220","targetHints":{"allow":["GET"]}}],"collection":[{"href":"https:\/\/miidaz.com\/index.php?rest_route=\/wp\/v2\/product"}],"about":[{"href":"https:\/\/miidaz.com\/index.php?rest_route=\/wp\/v2\/types\/product"}],"replies":[{"embeddable":true,"href":"https:\/\/miidaz.com\/index.php?rest_route=%2Fwp%2Fv2%2Fcomments&post=119220"}],"version-history":[{"count":0,"href":"https:\/\/miidaz.com\/index.php?rest_route=\/wp\/v2\/product\/119220\/revisions"}],"wp:attachment":[{"href":"https:\/\/miidaz.com\/index.php?rest_route=%2Fwp%2Fv2%2Fmedia&parent=119220"}],"wp:term":[{"taxonomy":"product_brand","embeddable":true,"href":"https:\/\/miidaz.com\/index.php?rest_route=%2Fwp%2Fv2%2Fproduct_brand&post=119220"},{"taxonomy":"product_cat","embeddable":true,"href":"https:\/\/miidaz.com\/index.php?rest_route=%2Fwp%2Fv2%2Fproduct_cat&post=119220"},{"taxonomy":"product_tag","embeddable":true,"href":"https:\/\/miidaz.com\/index.php?rest_route=%2Fwp%2Fv2%2Fproduct_tag&post=119220"}],"curies":[{"name":"wp","href":"https:\/\/api.w.org\/{rel}","templated":true}]}}