{"id":2414,"date":"2026-03-19T20:48:03","date_gmt":"2026-03-19T20:48:03","guid":{"rendered":"https:\/\/miidaz.com\/product\/botella-aluminio-ajax-900-ml-30-oz\/"},"modified":"2026-05-08T23:03:55","modified_gmt":"2026-05-08T23:03:55","slug":"botella-aluminio-ajax-900-ml-30-oz","status":"publish","type":"product","link":"https:\/\/miidaz.com\/?product=botella-aluminio-ajax-900-ml-30-oz","title":{"rendered":"Botella Aluminio Ajax 900 ml \/ 30 Oz"},"content":{"rendered":"<p>Botella fabricada en aluminio, equipada con tapa de cierre giratorio que incluye boquilla y cubierta para facilitar el consumo de l\u00edquidos. Incorpora una manija pl\u00e1stica integrada que permite un transporte c\u00f3modo y seguro. Su dise\u00f1o pr\u00e1ctico y resistente la hace adecuada para uso diario en diversas actividades.Capacidad: 900 ml \/ 30 Oz.<\/p>\n","protected":false},"excerpt":{"rendered":"<p>Botella fabricada en aluminio, equipada con tapa de cierre giratorio que incluye boquilla y cubierta para facilitar el consumo de l\u00edquidos. Incorpora una manija pl\u00e1stica integrada que permite un transporte c\u00f3modo y seguro. Su dise\u00f1o pr\u00e1ctico y resistente la hace adecuada para uso diario en diversas actividades.Capacidad: 900 ml \/ 30 Oz.<\/p>\n","protected":false},"featured_media":44031,"comment_status":"open","ping_status":"closed","template":"","meta":{"_uag_custom_page_level_css":""},"product_brand":[],"product_cat":[52],"product_tag":[115],"class_list":{"0":"post-2414","1":"product","2":"type-product","3":"status-publish","4":"has-post-thumbnail","6":"product_cat-botellas-en-aluminio","7":"product_tag-outlet-color","9":"first","10":"instock","11":"sale","12":"shipping-taxable","13":"purchasable","14":"product-type-variable"},"aioseo_notices":[],"uagb_featured_image_src":{"full":["https:\/\/miidaz.com\/wp-content\/uploads\/2026\/03\/BE0353-5.jpg",1000,1000,false],"thumbnail":["https:\/\/miidaz.com\/wp-content\/uploads\/2026\/03\/BE0353-5-150x150.jpg",150,150,true],"medium":["https:\/\/miidaz.com\/wp-content\/uploads\/2026\/03\/BE0353-5-300x300.jpg",300,300,true],"medium_large":["https:\/\/miidaz.com\/wp-content\/uploads\/2026\/03\/BE0353-5-768x768.jpg",768,768,true],"large":["https:\/\/miidaz.com\/wp-content\/uploads\/2026\/03\/BE0353-5.jpg",800,800,false],"1536x1536":["https:\/\/miidaz.com\/wp-content\/uploads\/2026\/03\/BE0353-5.jpg",1000,1000,false],"2048x2048":["https:\/\/miidaz.com\/wp-content\/uploads\/2026\/03\/BE0353-5.jpg",1000,1000,false],"woocommerce_thumbnail":["https:\/\/miidaz.com\/wp-content\/uploads\/2026\/03\/BE0353-5-300x300.jpg",300,300,true],"woocommerce_single":["https:\/\/miidaz.com\/wp-content\/uploads\/2026\/03\/BE0353-5-600x600.jpg",600,600,true],"woocommerce_gallery_thumbnail":["https:\/\/miidaz.com\/wp-content\/uploads\/2026\/03\/BE0353-5-100x100.jpg",100,100,true]},"uagb_author_info":{"display_name":"","author_link":"https:\/\/miidaz.com\/?author=0"},"uagb_comment_info":0,"uagb_excerpt":"Botella fabricada en aluminio, equipada con tapa de cierre giratorio que incluye boquilla y cubierta para facilitar el consumo de l\u00edquidos. Incorpora una manija pl\u00e1stica integrada que permite un transporte c\u00f3modo y seguro. Su dise\u00f1o pr\u00e1ctico y resistente la hace adecuada para uso diario en diversas actividades.Capacidad: 900 ml \/ 30 Oz.","_links":{"self":[{"href":"https:\/\/miidaz.com\/index.php?rest_route=\/wp\/v2\/product\/2414","targetHints":{"allow":["GET"]}}],"collection":[{"href":"https:\/\/miidaz.com\/index.php?rest_route=\/wp\/v2\/product"}],"about":[{"href":"https:\/\/miidaz.com\/index.php?rest_route=\/wp\/v2\/types\/product"}],"replies":[{"embeddable":true,"href":"https:\/\/miidaz.com\/index.php?rest_route=%2Fwp%2Fv2%2Fcomments&post=2414"}],"version-history":[{"count":0,"href":"https:\/\/miidaz.com\/index.php?rest_route=\/wp\/v2\/product\/2414\/revisions"}],"wp:featuredmedia":[{"embeddable":true,"href":"https:\/\/miidaz.com\/index.php?rest_route=\/wp\/v2\/media\/44031"}],"wp:attachment":[{"href":"https:\/\/miidaz.com\/index.php?rest_route=%2Fwp%2Fv2%2Fmedia&parent=2414"}],"wp:term":[{"taxonomy":"product_brand","embeddable":true,"href":"https:\/\/miidaz.com\/index.php?rest_route=%2Fwp%2Fv2%2Fproduct_brand&post=2414"},{"taxonomy":"product_cat","embeddable":true,"href":"https:\/\/miidaz.com\/index.php?rest_route=%2Fwp%2Fv2%2Fproduct_cat&post=2414"},{"taxonomy":"product_tag","embeddable":true,"href":"https:\/\/miidaz.com\/index.php?rest_route=%2Fwp%2Fv2%2Fproduct_tag&post=2414"}],"curies":[{"name":"wp","href":"https:\/\/api.w.org\/{rel}","templated":true}]}}