{"id":2529,"date":"2026-03-19T20:59:18","date_gmt":"2026-03-19T20:59:18","guid":{"rendered":"https:\/\/miidaz.com\/product\/vaso-penny-500-ml-17-oz\/"},"modified":"2026-05-08T23:04:00","modified_gmt":"2026-05-08T23:04:00","slug":"vaso-penny-500-ml-17-oz","status":"publish","type":"product","link":"https:\/\/miidaz.com\/?product=vaso-penny-500-ml-17-oz","title":{"rendered":"Vaso Penny 500 ml \/ 17 Oz"},"content":{"rendered":"<p>Vaso fabricado en pl\u00e1stico resistente, dise\u00f1ado para bebidas fr\u00edas. Incluye tapa con cierre giratorio y apertura para pitillo, lo que facilita su uso en movimiento. Su dise\u00f1o pr\u00e1ctico lo hace ideal para uso diario en diferentes entornos. Capacidad: 500 ml \/ 17 Oz<\/p>\n","protected":false},"excerpt":{"rendered":"<p>Vaso fabricado en pl\u00e1stico resistente, dise\u00f1ado para bebidas fr\u00edas. Incluye tapa con cierre giratorio y apertura para pitillo, lo que facilita su uso en movimiento. Su dise\u00f1o pr\u00e1ctico lo hace ideal para uso diario en diferentes entornos. Capacidad: 500 ml \/ 17 Oz<\/p>\n","protected":false},"featured_media":44201,"comment_status":"open","ping_status":"closed","template":"","meta":{"_uag_custom_page_level_css":""},"product_brand":[],"product_cat":[57],"product_tag":[116],"class_list":{"0":"post-2529","1":"product","2":"type-product","3":"status-publish","4":"has-post-thumbnail","6":"product_cat-vasos-plasticos-y-ecologicos","7":"product_tag-netos","9":"first","10":"instock","11":"shipping-taxable","12":"purchasable","13":"product-type-variable"},"aioseo_notices":[],"uagb_featured_image_src":{"full":["https:\/\/miidaz.com\/wp-content\/uploads\/2026\/03\/BE0374-1.jpg",1000,1000,false],"thumbnail":["https:\/\/miidaz.com\/wp-content\/uploads\/2026\/03\/BE0374-1-150x150.jpg",150,150,true],"medium":["https:\/\/miidaz.com\/wp-content\/uploads\/2026\/03\/BE0374-1-300x300.jpg",300,300,true],"medium_large":["https:\/\/miidaz.com\/wp-content\/uploads\/2026\/03\/BE0374-1-768x768.jpg",768,768,true],"large":["https:\/\/miidaz.com\/wp-content\/uploads\/2026\/03\/BE0374-1.jpg",800,800,false],"1536x1536":["https:\/\/miidaz.com\/wp-content\/uploads\/2026\/03\/BE0374-1.jpg",1000,1000,false],"2048x2048":["https:\/\/miidaz.com\/wp-content\/uploads\/2026\/03\/BE0374-1.jpg",1000,1000,false],"woocommerce_thumbnail":["https:\/\/miidaz.com\/wp-content\/uploads\/2026\/03\/BE0374-1-300x300.jpg",300,300,true],"woocommerce_single":["https:\/\/miidaz.com\/wp-content\/uploads\/2026\/03\/BE0374-1-600x600.jpg",600,600,true],"woocommerce_gallery_thumbnail":["https:\/\/miidaz.com\/wp-content\/uploads\/2026\/03\/BE0374-1-100x100.jpg",100,100,true]},"uagb_author_info":{"display_name":"","author_link":"https:\/\/miidaz.com\/?author=0"},"uagb_comment_info":0,"uagb_excerpt":"Vaso fabricado en pl\u00e1stico resistente, dise\u00f1ado para bebidas fr\u00edas. Incluye tapa con cierre giratorio y apertura para pitillo, lo que facilita su uso en movimiento. Su dise\u00f1o pr\u00e1ctico lo hace ideal para uso diario en diferentes entornos. Capacidad: 500 ml \/ 17 Oz","_links":{"self":[{"href":"https:\/\/miidaz.com\/index.php?rest_route=\/wp\/v2\/product\/2529","targetHints":{"allow":["GET"]}}],"collection":[{"href":"https:\/\/miidaz.com\/index.php?rest_route=\/wp\/v2\/product"}],"about":[{"href":"https:\/\/miidaz.com\/index.php?rest_route=\/wp\/v2\/types\/product"}],"replies":[{"embeddable":true,"href":"https:\/\/miidaz.com\/index.php?rest_route=%2Fwp%2Fv2%2Fcomments&post=2529"}],"version-history":[{"count":0,"href":"https:\/\/miidaz.com\/index.php?rest_route=\/wp\/v2\/product\/2529\/revisions"}],"wp:featuredmedia":[{"embeddable":true,"href":"https:\/\/miidaz.com\/index.php?rest_route=\/wp\/v2\/media\/44201"}],"wp:attachment":[{"href":"https:\/\/miidaz.com\/index.php?rest_route=%2Fwp%2Fv2%2Fmedia&parent=2529"}],"wp:term":[{"taxonomy":"product_brand","embeddable":true,"href":"https:\/\/miidaz.com\/index.php?rest_route=%2Fwp%2Fv2%2Fproduct_brand&post=2529"},{"taxonomy":"product_cat","embeddable":true,"href":"https:\/\/miidaz.com\/index.php?rest_route=%2Fwp%2Fv2%2Fproduct_cat&post=2529"},{"taxonomy":"product_tag","embeddable":true,"href":"https:\/\/miidaz.com\/index.php?rest_route=%2Fwp%2Fv2%2Fproduct_tag&post=2529"}],"curies":[{"name":"wp","href":"https:\/\/api.w.org\/{rel}","templated":true}]}}