{"id":2544,"date":"2026-03-19T20:59:22","date_gmt":"2026-03-19T20:59:22","guid":{"rendered":"https:\/\/miidaz.com\/product\/termo-bambu-randy-450-ml-15-oz\/"},"modified":"2026-05-08T23:04:01","modified_gmt":"2026-05-08T23:04:01","slug":"termo-bambu-randy-450-ml-15-oz","status":"publish","type":"product","link":"https:\/\/miidaz.com\/?product=termo-bambu-randy-450-ml-15-oz","title":{"rendered":"Termo Bamb\u00fa Randy 450 ml \/ 15 Oz"},"content":{"rendered":"<p>Termo fabricado en acero inoxidable, con enchapado exterior en bamb\u00fa natural que aporta un dise\u00f1o elegante y ecol\u00f3gico. Incluye tapa de cierre giratorio que puede utilizarse como vaso para beber. Adem\u00e1s, cuenta con un filtro delgado, ideal para preparar infusiones directamente en el recipiente. Mantiene las bebidas fr\u00edas por 24 horas y las bebidas calientes por 12 horas, aproximadamente. Capacidad: 450 ml \/ 15 Oz.<\/p>\n","protected":false},"excerpt":{"rendered":"<p>Termo fabricado en acero inoxidable, con enchapado exterior en bamb\u00fa natural que aporta un dise\u00f1o elegante y ecol\u00f3gico. Incluye tapa de cierre giratorio que puede utilizarse como vaso para beber. Adem\u00e1s, cuenta con un filtro delgado, ideal para preparar infusiones directamente en el recipiente. Mantiene las bebidas fr\u00edas por 24 horas y las bebidas calientes [&hellip;]<\/p>\n","protected":false},"featured_media":44235,"comment_status":"open","ping_status":"closed","template":"","meta":{"_uag_custom_page_level_css":""},"product_brand":[],"product_cat":[56],"product_tag":[113],"class_list":{"0":"post-2544","1":"product","2":"type-product","3":"status-publish","4":"has-post-thumbnail","6":"product_cat-termos","7":"product_tag-outlet","9":"first","10":"instock","11":"sale","12":"shipping-taxable","13":"purchasable","14":"product-type-variable"},"aioseo_notices":[],"uagb_featured_image_src":{"full":["https:\/\/miidaz.com\/wp-content\/uploads\/2026\/03\/BE0378__54350-1.jpg",1000,1000,false],"thumbnail":["https:\/\/miidaz.com\/wp-content\/uploads\/2026\/03\/BE0378__54350-1-150x150.jpg",150,150,true],"medium":["https:\/\/miidaz.com\/wp-content\/uploads\/2026\/03\/BE0378__54350-1-300x300.jpg",300,300,true],"medium_large":["https:\/\/miidaz.com\/wp-content\/uploads\/2026\/03\/BE0378__54350-1-768x768.jpg",768,768,true],"large":["https:\/\/miidaz.com\/wp-content\/uploads\/2026\/03\/BE0378__54350-1.jpg",800,800,false],"1536x1536":["https:\/\/miidaz.com\/wp-content\/uploads\/2026\/03\/BE0378__54350-1.jpg",1000,1000,false],"2048x2048":["https:\/\/miidaz.com\/wp-content\/uploads\/2026\/03\/BE0378__54350-1.jpg",1000,1000,false],"woocommerce_thumbnail":["https:\/\/miidaz.com\/wp-content\/uploads\/2026\/03\/BE0378__54350-1-300x300.jpg",300,300,true],"woocommerce_single":["https:\/\/miidaz.com\/wp-content\/uploads\/2026\/03\/BE0378__54350-1-600x600.jpg",600,600,true],"woocommerce_gallery_thumbnail":["https:\/\/miidaz.com\/wp-content\/uploads\/2026\/03\/BE0378__54350-1-100x100.jpg",100,100,true]},"uagb_author_info":{"display_name":"","author_link":"https:\/\/miidaz.com\/?author=0"},"uagb_comment_info":0,"uagb_excerpt":"Termo fabricado en acero inoxidable, con enchapado exterior en bamb\u00fa natural que aporta un dise\u00f1o elegante y ecol\u00f3gico. Incluye tapa de cierre giratorio que puede utilizarse como vaso para beber. Adem\u00e1s, cuenta con un filtro delgado, ideal para preparar infusiones directamente en el recipiente. Mantiene las bebidas fr\u00edas por 24 horas y las bebidas calientes&hellip;","_links":{"self":[{"href":"https:\/\/miidaz.com\/index.php?rest_route=\/wp\/v2\/product\/2544","targetHints":{"allow":["GET"]}}],"collection":[{"href":"https:\/\/miidaz.com\/index.php?rest_route=\/wp\/v2\/product"}],"about":[{"href":"https:\/\/miidaz.com\/index.php?rest_route=\/wp\/v2\/types\/product"}],"replies":[{"embeddable":true,"href":"https:\/\/miidaz.com\/index.php?rest_route=%2Fwp%2Fv2%2Fcomments&post=2544"}],"version-history":[{"count":1,"href":"https:\/\/miidaz.com\/index.php?rest_route=\/wp\/v2\/product\/2544\/revisions"}],"predecessor-version":[{"id":82423,"href":"https:\/\/miidaz.com\/index.php?rest_route=\/wp\/v2\/product\/2544\/revisions\/82423"}],"wp:featuredmedia":[{"embeddable":true,"href":"https:\/\/miidaz.com\/index.php?rest_route=\/wp\/v2\/media\/44235"}],"wp:attachment":[{"href":"https:\/\/miidaz.com\/index.php?rest_route=%2Fwp%2Fv2%2Fmedia&parent=2544"}],"wp:term":[{"taxonomy":"product_brand","embeddable":true,"href":"https:\/\/miidaz.com\/index.php?rest_route=%2Fwp%2Fv2%2Fproduct_brand&post=2544"},{"taxonomy":"product_cat","embeddable":true,"href":"https:\/\/miidaz.com\/index.php?rest_route=%2Fwp%2Fv2%2Fproduct_cat&post=2544"},{"taxonomy":"product_tag","embeddable":true,"href":"https:\/\/miidaz.com\/index.php?rest_route=%2Fwp%2Fv2%2Fproduct_tag&post=2544"}],"curies":[{"name":"wp","href":"https:\/\/api.w.org\/{rel}","templated":true}]}}