{"id":2551,"date":"2026-03-19T20:59:24","date_gmt":"2026-03-19T20:59:24","guid":{"rendered":"https:\/\/miidaz.com\/product\/botella-infusion-vanessa-750-ml-25-oz\/"},"modified":"2026-05-08T23:04:03","modified_gmt":"2026-05-08T23:04:03","slug":"botella-infusion-vanessa-750-ml-25-oz","status":"publish","type":"product","link":"https:\/\/miidaz.com\/?product=botella-infusion-vanessa-750-ml-25-oz","title":{"rendered":"Botella Infusi\u00f3n Vanessa 750 ml \/ 25 Oz"},"content":{"rendered":"<p>Botella deportiva dise\u00f1ada para quienes disfrutan de bebidas infusionadas. Cuenta con una boquilla de cierre a presi\u00f3n para un acceso r\u00e1pido, una tapa con cierre giratorio que garantiza seguridad y practicidad, y un tubo de filtro central con cierre giratorio, ideal para preparar infusiones con frutas, hierbas o t\u00e9. Su dise\u00f1o funcional la convierte en una excelente opci\u00f3n para el d\u00eda a d\u00eda o actividades deportivas. Capacidad: 750 ml \/ 25 Oz<\/p>\n","protected":false},"excerpt":{"rendered":"<p>Botella deportiva dise\u00f1ada para quienes disfrutan de bebidas infusionadas. Cuenta con una boquilla de cierre a presi\u00f3n para un acceso r\u00e1pido, una tapa con cierre giratorio que garantiza seguridad y practicidad, y un tubo de filtro central con cierre giratorio, ideal para preparar infusiones con frutas, hierbas o t\u00e9. Su dise\u00f1o funcional la convierte en [&hellip;]<\/p>\n","protected":false},"featured_media":44253,"comment_status":"open","ping_status":"closed","template":"","meta":{"_uag_custom_page_level_css":""},"product_brand":[],"product_cat":[54],"product_tag":[],"class_list":{"0":"post-2551","1":"product","2":"type-product","3":"status-publish","4":"has-post-thumbnail","6":"product_cat-botellas-deportivas-plasticas","8":"first","9":"instock","10":"shipping-taxable","11":"purchasable","12":"product-type-variable"},"aioseo_notices":[],"uagb_featured_image_src":{"full":["https:\/\/miidaz.com\/wp-content\/uploads\/2026\/03\/BE0381-1.jpg",1000,1000,false],"thumbnail":["https:\/\/miidaz.com\/wp-content\/uploads\/2026\/03\/BE0381-1-150x150.jpg",150,150,true],"medium":["https:\/\/miidaz.com\/wp-content\/uploads\/2026\/03\/BE0381-1-300x300.jpg",300,300,true],"medium_large":["https:\/\/miidaz.com\/wp-content\/uploads\/2026\/03\/BE0381-1-768x768.jpg",768,768,true],"large":["https:\/\/miidaz.com\/wp-content\/uploads\/2026\/03\/BE0381-1.jpg",800,800,false],"1536x1536":["https:\/\/miidaz.com\/wp-content\/uploads\/2026\/03\/BE0381-1.jpg",1000,1000,false],"2048x2048":["https:\/\/miidaz.com\/wp-content\/uploads\/2026\/03\/BE0381-1.jpg",1000,1000,false],"woocommerce_thumbnail":["https:\/\/miidaz.com\/wp-content\/uploads\/2026\/03\/BE0381-1-300x300.jpg",300,300,true],"woocommerce_single":["https:\/\/miidaz.com\/wp-content\/uploads\/2026\/03\/BE0381-1-600x600.jpg",600,600,true],"woocommerce_gallery_thumbnail":["https:\/\/miidaz.com\/wp-content\/uploads\/2026\/03\/BE0381-1-100x100.jpg",100,100,true]},"uagb_author_info":{"display_name":"","author_link":"https:\/\/miidaz.com\/?author=0"},"uagb_comment_info":0,"uagb_excerpt":"Botella deportiva dise\u00f1ada para quienes disfrutan de bebidas infusionadas. Cuenta con una boquilla de cierre a presi\u00f3n para un acceso r\u00e1pido, una tapa con cierre giratorio que garantiza seguridad y practicidad, y un tubo de filtro central con cierre giratorio, ideal para preparar infusiones con frutas, hierbas o t\u00e9. Su dise\u00f1o funcional la convierte en&hellip;","_links":{"self":[{"href":"https:\/\/miidaz.com\/index.php?rest_route=\/wp\/v2\/product\/2551","targetHints":{"allow":["GET"]}}],"collection":[{"href":"https:\/\/miidaz.com\/index.php?rest_route=\/wp\/v2\/product"}],"about":[{"href":"https:\/\/miidaz.com\/index.php?rest_route=\/wp\/v2\/types\/product"}],"replies":[{"embeddable":true,"href":"https:\/\/miidaz.com\/index.php?rest_route=%2Fwp%2Fv2%2Fcomments&post=2551"}],"version-history":[{"count":0,"href":"https:\/\/miidaz.com\/index.php?rest_route=\/wp\/v2\/product\/2551\/revisions"}],"wp:featuredmedia":[{"embeddable":true,"href":"https:\/\/miidaz.com\/index.php?rest_route=\/wp\/v2\/media\/44253"}],"wp:attachment":[{"href":"https:\/\/miidaz.com\/index.php?rest_route=%2Fwp%2Fv2%2Fmedia&parent=2551"}],"wp:term":[{"taxonomy":"product_brand","embeddable":true,"href":"https:\/\/miidaz.com\/index.php?rest_route=%2Fwp%2Fv2%2Fproduct_brand&post=2551"},{"taxonomy":"product_cat","embeddable":true,"href":"https:\/\/miidaz.com\/index.php?rest_route=%2Fwp%2Fv2%2Fproduct_cat&post=2551"},{"taxonomy":"product_tag","embeddable":true,"href":"https:\/\/miidaz.com\/index.php?rest_route=%2Fwp%2Fv2%2Fproduct_tag&post=2551"}],"curies":[{"name":"wp","href":"https:\/\/api.w.org\/{rel}","templated":true}]}}