{"id":2718,"date":"2026-03-19T21:02:03","date_gmt":"2026-03-19T21:02:03","guid":{"rendered":"https:\/\/miidaz.com\/product\/botella-deportiva-totti-800-ml-27-oz\/"},"modified":"2026-05-08T23:04:16","modified_gmt":"2026-05-08T23:04:16","slug":"botella-deportiva-totti-800-ml-27-oz","status":"publish","type":"product","link":"https:\/\/miidaz.com\/?product=botella-deportiva-totti-800-ml-27-oz","title":{"rendered":"Botella Deportiva Totti 800 ml \/ 27 Oz"},"content":{"rendered":"<p>Botella deportiva de PE, ideal para actividades f\u00edsicas. Su dise\u00f1o incluye un antiestr\u00e9s con forma de bal\u00f3n de f\u00fatbol (\u00d8 4,7), que se puede insertar y retirar del cuerpo de la botella, ofreciendo una funci\u00f3n l\u00fadica y relajante. Cuenta con tapa con boquilla de cierre giratorio para un consumo pr\u00e1ctico, y un protector con asa que cubre la boquilla, manteni\u00e9ndola limpia y facilitando su transporte. Capacidad: 800 ml \/ 27 Oz.<\/p>\n","protected":false},"excerpt":{"rendered":"<p>Botella deportiva de PE, ideal para actividades f\u00edsicas. Su dise\u00f1o incluye un antiestr\u00e9s con forma de bal\u00f3n de f\u00fatbol (\u00d8 4,7), que se puede insertar y retirar del cuerpo de la botella, ofreciendo una funci\u00f3n l\u00fadica y relajante. Cuenta con tapa con boquilla de cierre giratorio para un consumo pr\u00e1ctico, y un protector con asa [&hellip;]<\/p>\n","protected":false},"featured_media":44540,"comment_status":"open","ping_status":"closed","template":"","meta":{"_uag_custom_page_level_css":""},"product_brand":[],"product_cat":[54],"product_tag":[114,112],"class_list":{"0":"post-2718","1":"product","2":"type-product","3":"status-publish","4":"has-post-thumbnail","6":"product_cat-botellas-deportivas-plasticas","7":"product_tag-novedades-2026","8":"product_tag-temporada-irresistibles","10":"first","11":"instock","12":"sale","13":"shipping-taxable","14":"purchasable","15":"product-type-variable"},"aioseo_notices":[],"uagb_featured_image_src":{"full":["https:\/\/miidaz.com\/wp-content\/uploads\/2026\/03\/BE0417-1.jpg",1000,1000,false],"thumbnail":["https:\/\/miidaz.com\/wp-content\/uploads\/2026\/03\/BE0417-1-150x150.jpg",150,150,true],"medium":["https:\/\/miidaz.com\/wp-content\/uploads\/2026\/03\/BE0417-1-300x300.jpg",300,300,true],"medium_large":["https:\/\/miidaz.com\/wp-content\/uploads\/2026\/03\/BE0417-1-768x768.jpg",768,768,true],"large":["https:\/\/miidaz.com\/wp-content\/uploads\/2026\/03\/BE0417-1.jpg",800,800,false],"1536x1536":["https:\/\/miidaz.com\/wp-content\/uploads\/2026\/03\/BE0417-1.jpg",1000,1000,false],"2048x2048":["https:\/\/miidaz.com\/wp-content\/uploads\/2026\/03\/BE0417-1.jpg",1000,1000,false],"woocommerce_thumbnail":["https:\/\/miidaz.com\/wp-content\/uploads\/2026\/03\/BE0417-1-300x300.jpg",300,300,true],"woocommerce_single":["https:\/\/miidaz.com\/wp-content\/uploads\/2026\/03\/BE0417-1-600x600.jpg",600,600,true],"woocommerce_gallery_thumbnail":["https:\/\/miidaz.com\/wp-content\/uploads\/2026\/03\/BE0417-1-100x100.jpg",100,100,true]},"uagb_author_info":{"display_name":"","author_link":"https:\/\/miidaz.com\/?author=0"},"uagb_comment_info":0,"uagb_excerpt":"Botella deportiva de PE, ideal para actividades f\u00edsicas. Su dise\u00f1o incluye un antiestr\u00e9s con forma de bal\u00f3n de f\u00fatbol (\u00d8 4,7), que se puede insertar y retirar del cuerpo de la botella, ofreciendo una funci\u00f3n l\u00fadica y relajante. Cuenta con tapa con boquilla de cierre giratorio para un consumo pr\u00e1ctico, y un protector con asa&hellip;","_links":{"self":[{"href":"https:\/\/miidaz.com\/index.php?rest_route=\/wp\/v2\/product\/2718","targetHints":{"allow":["GET"]}}],"collection":[{"href":"https:\/\/miidaz.com\/index.php?rest_route=\/wp\/v2\/product"}],"about":[{"href":"https:\/\/miidaz.com\/index.php?rest_route=\/wp\/v2\/types\/product"}],"replies":[{"embeddable":true,"href":"https:\/\/miidaz.com\/index.php?rest_route=%2Fwp%2Fv2%2Fcomments&post=2718"}],"version-history":[{"count":0,"href":"https:\/\/miidaz.com\/index.php?rest_route=\/wp\/v2\/product\/2718\/revisions"}],"wp:featuredmedia":[{"embeddable":true,"href":"https:\/\/miidaz.com\/index.php?rest_route=\/wp\/v2\/media\/44540"}],"wp:attachment":[{"href":"https:\/\/miidaz.com\/index.php?rest_route=%2Fwp%2Fv2%2Fmedia&parent=2718"}],"wp:term":[{"taxonomy":"product_brand","embeddable":true,"href":"https:\/\/miidaz.com\/index.php?rest_route=%2Fwp%2Fv2%2Fproduct_brand&post=2718"},{"taxonomy":"product_cat","embeddable":true,"href":"https:\/\/miidaz.com\/index.php?rest_route=%2Fwp%2Fv2%2Fproduct_cat&post=2718"},{"taxonomy":"product_tag","embeddable":true,"href":"https:\/\/miidaz.com\/index.php?rest_route=%2Fwp%2Fv2%2Fproduct_tag&post=2718"}],"curies":[{"name":"wp","href":"https:\/\/api.w.org\/{rel}","templated":true}]}}