{"id":2729,"date":"2026-03-19T21:02:07","date_gmt":"2026-03-19T21:02:07","guid":{"rendered":"https:\/\/miidaz.com\/product\/botella-en-acero-ranger-1200-ml-41-oz\/"},"modified":"2026-05-08T23:04:16","modified_gmt":"2026-05-08T23:04:16","slug":"botella-en-acero-ranger-1200-ml-41-oz","status":"publish","type":"product","link":"https:\/\/miidaz.com\/?product=botella-en-acero-ranger-1200-ml-41-oz","title":{"rendered":"Botella en Acero Ranger 1200 ml \/ 41 Oz"},"content":{"rendered":"<p>Botella t\u00e9rmica de acero inoxidable con interior y exterior del mismo material, acabado con recubrimiento en polvo y construcci\u00f3n de doble pared aislada al vac\u00edo, que mantiene las bebidas fr\u00edas hasta 8 horas y calientes hasta 4. Cuenta con tapa de cierre giratorio resistente a derrames, con orificio para pitillo (incluye pitillo de 31.5) y un seguro giratorio que protege la boquilla. Incluye asa integrada para facilitar su transporte. Libre de BPA, cumple con los requisitos de la FDA y se recomienda lavar a mano. Capacidad: 1200 ml \/ 41 Oz.<\/p>\n","protected":false},"excerpt":{"rendered":"<p>Botella t\u00e9rmica de acero inoxidable con interior y exterior del mismo material, acabado con recubrimiento en polvo y construcci\u00f3n de doble pared aislada al vac\u00edo, que mantiene las bebidas fr\u00edas hasta 8 horas y calientes hasta 4. Cuenta con tapa de cierre giratorio resistente a derrames, con orificio para pitillo (incluye pitillo de 31.5) y [&hellip;]<\/p>\n","protected":false},"featured_media":44557,"comment_status":"open","ping_status":"closed","template":"","meta":{"_uag_custom_page_level_css":""},"product_brand":[],"product_cat":[58],"product_tag":[114,112],"class_list":{"0":"post-2729","1":"product","2":"type-product","3":"status-publish","4":"has-post-thumbnail","6":"product_cat-botellas-en-acero","7":"product_tag-novedades-2026","8":"product_tag-temporada-irresistibles","10":"first","11":"instock","12":"shipping-taxable","13":"purchasable","14":"product-type-variable"},"aioseo_notices":[],"uagb_featured_image_src":{"full":["https:\/\/miidaz.com\/wp-content\/uploads\/2026\/03\/BE0420-1.jpg",1000,1000,false],"thumbnail":["https:\/\/miidaz.com\/wp-content\/uploads\/2026\/03\/BE0420-1-150x150.jpg",150,150,true],"medium":["https:\/\/miidaz.com\/wp-content\/uploads\/2026\/03\/BE0420-1-300x300.jpg",300,300,true],"medium_large":["https:\/\/miidaz.com\/wp-content\/uploads\/2026\/03\/BE0420-1-768x768.jpg",768,768,true],"large":["https:\/\/miidaz.com\/wp-content\/uploads\/2026\/03\/BE0420-1.jpg",800,800,false],"1536x1536":["https:\/\/miidaz.com\/wp-content\/uploads\/2026\/03\/BE0420-1.jpg",1000,1000,false],"2048x2048":["https:\/\/miidaz.com\/wp-content\/uploads\/2026\/03\/BE0420-1.jpg",1000,1000,false],"woocommerce_thumbnail":["https:\/\/miidaz.com\/wp-content\/uploads\/2026\/03\/BE0420-1-300x300.jpg",300,300,true],"woocommerce_single":["https:\/\/miidaz.com\/wp-content\/uploads\/2026\/03\/BE0420-1-600x600.jpg",600,600,true],"woocommerce_gallery_thumbnail":["https:\/\/miidaz.com\/wp-content\/uploads\/2026\/03\/BE0420-1-100x100.jpg",100,100,true]},"uagb_author_info":{"display_name":"","author_link":"https:\/\/miidaz.com\/?author=0"},"uagb_comment_info":0,"uagb_excerpt":"Botella t\u00e9rmica de acero inoxidable con interior y exterior del mismo material, acabado con recubrimiento en polvo y construcci\u00f3n de doble pared aislada al vac\u00edo, que mantiene las bebidas fr\u00edas hasta 8 horas y calientes hasta 4. Cuenta con tapa de cierre giratorio resistente a derrames, con orificio para pitillo (incluye pitillo de 31.5) y&hellip;","_links":{"self":[{"href":"https:\/\/miidaz.com\/index.php?rest_route=\/wp\/v2\/product\/2729","targetHints":{"allow":["GET"]}}],"collection":[{"href":"https:\/\/miidaz.com\/index.php?rest_route=\/wp\/v2\/product"}],"about":[{"href":"https:\/\/miidaz.com\/index.php?rest_route=\/wp\/v2\/types\/product"}],"replies":[{"embeddable":true,"href":"https:\/\/miidaz.com\/index.php?rest_route=%2Fwp%2Fv2%2Fcomments&post=2729"}],"version-history":[{"count":0,"href":"https:\/\/miidaz.com\/index.php?rest_route=\/wp\/v2\/product\/2729\/revisions"}],"wp:featuredmedia":[{"embeddable":true,"href":"https:\/\/miidaz.com\/index.php?rest_route=\/wp\/v2\/media\/44557"}],"wp:attachment":[{"href":"https:\/\/miidaz.com\/index.php?rest_route=%2Fwp%2Fv2%2Fmedia&parent=2729"}],"wp:term":[{"taxonomy":"product_brand","embeddable":true,"href":"https:\/\/miidaz.com\/index.php?rest_route=%2Fwp%2Fv2%2Fproduct_brand&post=2729"},{"taxonomy":"product_cat","embeddable":true,"href":"https:\/\/miidaz.com\/index.php?rest_route=%2Fwp%2Fv2%2Fproduct_cat&post=2729"},{"taxonomy":"product_tag","embeddable":true,"href":"https:\/\/miidaz.com\/index.php?rest_route=%2Fwp%2Fv2%2Fproduct_tag&post=2729"}],"curies":[{"name":"wp","href":"https:\/\/api.w.org\/{rel}","templated":true}]}}