{"id":2791,"date":"2026-03-19T21:02:27","date_gmt":"2026-03-19T21:02:27","guid":{"rendered":"https:\/\/miidaz.com\/product\/botella-bubble-1000-ml-34-oz\/"},"modified":"2026-05-08T23:04:22","modified_gmt":"2026-05-08T23:04:22","slug":"botella-bubble-1000-ml-34-oz","status":"publish","type":"product","link":"https:\/\/miidaz.com\/?product=botella-bubble-1000-ml-34-oz","title":{"rendered":"Botella Bubble 1000 ml \/ 34 Oz"},"content":{"rendered":"<p>Botella t\u00e9rmica de doble pared dise\u00f1ada para mantener la temperatura de las bebidas por m\u00e1s tiempo, ideal para uso diario, actividades al aire libre o trabajo. Ofrece un tama\u00f1o pr\u00e1ctico para transportar agua u otras bebidas. Su dise\u00f1o moderno permite utilizar diferentes tipos de tapa con asa y correa, facilitando el transporte y manejo. La tapa cuenta con cierre giratorio y boquilla tambi\u00e9n de apertura giratoria, e incluye pitillo para beber con mayor comodidad. Fabricada con materiales resistentes y duraderos, adecuados para uso frecuente. Capacidad 1000 ml \/ 34 Oz. La botella y la tapa se venden por separado, permitiendo al usuario elegir la combinaci\u00f3n de color o estilo que mejor se adapte a sus necesidades.<\/p>\n","protected":false},"excerpt":{"rendered":"<p>Botella t\u00e9rmica de doble pared dise\u00f1ada para mantener la temperatura de las bebidas por m\u00e1s tiempo, ideal para uso diario, actividades al aire libre o trabajo. Ofrece un tama\u00f1o pr\u00e1ctico para transportar agua u otras bebidas. Su dise\u00f1o moderno permite utilizar diferentes tipos de tapa con asa y correa, facilitando el transporte y manejo. La [&hellip;]<\/p>\n","protected":false},"featured_media":44647,"comment_status":"open","ping_status":"closed","template":"","meta":{"_uag_custom_page_level_css":""},"product_brand":[],"product_cat":[58],"product_tag":[114,112],"class_list":{"0":"post-2791","1":"product","2":"type-product","3":"status-publish","4":"has-post-thumbnail","6":"product_cat-botellas-en-acero","7":"product_tag-novedades-2026","8":"product_tag-temporada-irresistibles","10":"first","11":"instock","12":"shipping-taxable","13":"purchasable","14":"product-type-variable"},"aioseo_notices":[],"uagb_featured_image_src":{"full":["https:\/\/miidaz.com\/wp-content\/uploads\/2026\/03\/BE0436-1.jpg",1000,1000,false],"thumbnail":["https:\/\/miidaz.com\/wp-content\/uploads\/2026\/03\/BE0436-1-150x150.jpg",150,150,true],"medium":["https:\/\/miidaz.com\/wp-content\/uploads\/2026\/03\/BE0436-1-300x300.jpg",300,300,true],"medium_large":["https:\/\/miidaz.com\/wp-content\/uploads\/2026\/03\/BE0436-1-768x768.jpg",768,768,true],"large":["https:\/\/miidaz.com\/wp-content\/uploads\/2026\/03\/BE0436-1.jpg",800,800,false],"1536x1536":["https:\/\/miidaz.com\/wp-content\/uploads\/2026\/03\/BE0436-1.jpg",1000,1000,false],"2048x2048":["https:\/\/miidaz.com\/wp-content\/uploads\/2026\/03\/BE0436-1.jpg",1000,1000,false],"woocommerce_thumbnail":["https:\/\/miidaz.com\/wp-content\/uploads\/2026\/03\/BE0436-1-300x300.jpg",300,300,true],"woocommerce_single":["https:\/\/miidaz.com\/wp-content\/uploads\/2026\/03\/BE0436-1-600x600.jpg",600,600,true],"woocommerce_gallery_thumbnail":["https:\/\/miidaz.com\/wp-content\/uploads\/2026\/03\/BE0436-1-100x100.jpg",100,100,true]},"uagb_author_info":{"display_name":"","author_link":"https:\/\/miidaz.com\/?author=0"},"uagb_comment_info":0,"uagb_excerpt":"Botella t\u00e9rmica de doble pared dise\u00f1ada para mantener la temperatura de las bebidas por m\u00e1s tiempo, ideal para uso diario, actividades al aire libre o trabajo. Ofrece un tama\u00f1o pr\u00e1ctico para transportar agua u otras bebidas. Su dise\u00f1o moderno permite utilizar diferentes tipos de tapa con asa y correa, facilitando el transporte y manejo. La&hellip;","_links":{"self":[{"href":"https:\/\/miidaz.com\/index.php?rest_route=\/wp\/v2\/product\/2791","targetHints":{"allow":["GET"]}}],"collection":[{"href":"https:\/\/miidaz.com\/index.php?rest_route=\/wp\/v2\/product"}],"about":[{"href":"https:\/\/miidaz.com\/index.php?rest_route=\/wp\/v2\/types\/product"}],"replies":[{"embeddable":true,"href":"https:\/\/miidaz.com\/index.php?rest_route=%2Fwp%2Fv2%2Fcomments&post=2791"}],"version-history":[{"count":0,"href":"https:\/\/miidaz.com\/index.php?rest_route=\/wp\/v2\/product\/2791\/revisions"}],"wp:featuredmedia":[{"embeddable":true,"href":"https:\/\/miidaz.com\/index.php?rest_route=\/wp\/v2\/media\/44647"}],"wp:attachment":[{"href":"https:\/\/miidaz.com\/index.php?rest_route=%2Fwp%2Fv2%2Fmedia&parent=2791"}],"wp:term":[{"taxonomy":"product_brand","embeddable":true,"href":"https:\/\/miidaz.com\/index.php?rest_route=%2Fwp%2Fv2%2Fproduct_brand&post=2791"},{"taxonomy":"product_cat","embeddable":true,"href":"https:\/\/miidaz.com\/index.php?rest_route=%2Fwp%2Fv2%2Fproduct_cat&post=2791"},{"taxonomy":"product_tag","embeddable":true,"href":"https:\/\/miidaz.com\/index.php?rest_route=%2Fwp%2Fv2%2Fproduct_tag&post=2791"}],"curies":[{"name":"wp","href":"https:\/\/api.w.org\/{rel}","templated":true}]}}