{"id":3056,"date":"2026-03-19T21:03:25","date_gmt":"2026-03-19T21:03:25","guid":{"rendered":"https:\/\/miidaz.com\/product\/lonchera-mahoma-grande\/"},"modified":"2026-05-08T23:04:39","modified_gmt":"2026-05-08T23:04:39","slug":"lonchera-mahoma-grande","status":"publish","type":"product","link":"https:\/\/miidaz.com\/?product=lonchera-mahoma-grande","title":{"rendered":"Lonchera Mahoma Grande"},"content":{"rendered":"<p>Lonchera t\u00e9rmica con recubrimiento interior en PEVA que conserva las bebidas o alimentos fr\u00edos por m\u00e1s tiempo, bolsillo principal y frontal con cierre en cremallera y bolsillos laterales en malla. Con pr\u00e1ctica agarradera de mano y cargadera larga ajustable. <\/p>\n","protected":false},"excerpt":{"rendered":"<p>Lonchera t\u00e9rmica con recubrimiento interior en PEVA que conserva las bebidas o alimentos fr\u00edos por m\u00e1s tiempo, bolsillo principal y frontal con cierre en cremallera y bolsillos laterales en malla. Con pr\u00e1ctica agarradera de mano y cargadera larga ajustable.<\/p>\n","protected":false},"featured_media":53737,"comment_status":"open","ping_status":"closed","template":"","meta":{"_uag_custom_page_level_css":""},"product_brand":[],"product_cat":[62],"product_tag":[113],"class_list":{"0":"post-3056","1":"product","2":"type-product","3":"status-publish","4":"has-post-thumbnail","6":"product_cat-neveras-loncheras","7":"product_tag-outlet","9":"first","10":"instock","11":"sale","12":"shipping-taxable","13":"purchasable","14":"product-type-variable"},"aioseo_notices":[],"uagb_featured_image_src":{"full":["https:\/\/miidaz.com\/wp-content\/uploads\/2026\/03\/BO0294-1.jpg",1000,1000,false],"thumbnail":["https:\/\/miidaz.com\/wp-content\/uploads\/2026\/03\/BO0294-1-150x150.jpg",150,150,true],"medium":["https:\/\/miidaz.com\/wp-content\/uploads\/2026\/03\/BO0294-1-300x300.jpg",300,300,true],"medium_large":["https:\/\/miidaz.com\/wp-content\/uploads\/2026\/03\/BO0294-1-768x768.jpg",768,768,true],"large":["https:\/\/miidaz.com\/wp-content\/uploads\/2026\/03\/BO0294-1.jpg",800,800,false],"1536x1536":["https:\/\/miidaz.com\/wp-content\/uploads\/2026\/03\/BO0294-1.jpg",1000,1000,false],"2048x2048":["https:\/\/miidaz.com\/wp-content\/uploads\/2026\/03\/BO0294-1.jpg",1000,1000,false],"woocommerce_thumbnail":["https:\/\/miidaz.com\/wp-content\/uploads\/2026\/03\/BO0294-1-300x300.jpg",300,300,true],"woocommerce_single":["https:\/\/miidaz.com\/wp-content\/uploads\/2026\/03\/BO0294-1-600x600.jpg",600,600,true],"woocommerce_gallery_thumbnail":["https:\/\/miidaz.com\/wp-content\/uploads\/2026\/03\/BO0294-1-100x100.jpg",100,100,true]},"uagb_author_info":{"display_name":"","author_link":"https:\/\/miidaz.com\/?author=0"},"uagb_comment_info":0,"uagb_excerpt":"Lonchera t\u00e9rmica con recubrimiento interior en PEVA que conserva las bebidas o alimentos fr\u00edos por m\u00e1s tiempo, bolsillo principal y frontal con cierre en cremallera y bolsillos laterales en malla. Con pr\u00e1ctica agarradera de mano y cargadera larga ajustable.","_links":{"self":[{"href":"https:\/\/miidaz.com\/index.php?rest_route=\/wp\/v2\/product\/3056","targetHints":{"allow":["GET"]}}],"collection":[{"href":"https:\/\/miidaz.com\/index.php?rest_route=\/wp\/v2\/product"}],"about":[{"href":"https:\/\/miidaz.com\/index.php?rest_route=\/wp\/v2\/types\/product"}],"replies":[{"embeddable":true,"href":"https:\/\/miidaz.com\/index.php?rest_route=%2Fwp%2Fv2%2Fcomments&post=3056"}],"version-history":[{"count":0,"href":"https:\/\/miidaz.com\/index.php?rest_route=\/wp\/v2\/product\/3056\/revisions"}],"wp:featuredmedia":[{"embeddable":true,"href":"https:\/\/miidaz.com\/index.php?rest_route=\/wp\/v2\/media\/53737"}],"wp:attachment":[{"href":"https:\/\/miidaz.com\/index.php?rest_route=%2Fwp%2Fv2%2Fmedia&parent=3056"}],"wp:term":[{"taxonomy":"product_brand","embeddable":true,"href":"https:\/\/miidaz.com\/index.php?rest_route=%2Fwp%2Fv2%2Fproduct_brand&post=3056"},{"taxonomy":"product_cat","embeddable":true,"href":"https:\/\/miidaz.com\/index.php?rest_route=%2Fwp%2Fv2%2Fproduct_cat&post=3056"},{"taxonomy":"product_tag","embeddable":true,"href":"https:\/\/miidaz.com\/index.php?rest_route=%2Fwp%2Fv2%2Fproduct_tag&post=3056"}],"curies":[{"name":"wp","href":"https:\/\/api.w.org\/{rel}","templated":true}]}}