{"id":3337,"date":"2026-03-19T21:05:01","date_gmt":"2026-03-19T21:05:01","guid":{"rendered":"https:\/\/miidaz.com\/product\/morral-bear-41-lts\/"},"modified":"2026-05-08T23:05:01","modified_gmt":"2026-05-08T23:05:01","slug":"morral-bear-41-lts","status":"publish","type":"product","link":"https:\/\/miidaz.com\/?product=morral-bear-41-lts","title":{"rendered":"Morral Bear 41 Lts."},"content":{"rendered":"<p>Dise\u00f1ada para acompa\u00f1arte en cada jornada, esta mochila ofrece un bolsillo frontal para tus objetos de acceso r\u00e1pido, compartimientos laterales; uno de ellos con mayor capacidad para llevar lo que necesites y una cremallera principal que da acceso a un espacio amplio. Adem\u00e1s, cuenta con correa de hombro removible ajustada (79,3) suelta (133,8) y dos correas adicionales que te permiten usarla tambi\u00e9n como morral, adapt\u00e1ndose a tu estilo y necesidades. Volumen aproximado: 41 litros.<\/p>\n","protected":false},"excerpt":{"rendered":"<p>Dise\u00f1ada para acompa\u00f1arte en cada jornada, esta mochila ofrece un bolsillo frontal para tus objetos de acceso r\u00e1pido, compartimientos laterales; uno de ellos con mayor capacidad para llevar lo que necesites y una cremallera principal que da acceso a un espacio amplio. Adem\u00e1s, cuenta con correa de hombro removible ajustada (79,3) suelta (133,8) y dos [&hellip;]<\/p>\n","protected":false},"featured_media":54435,"comment_status":"open","ping_status":"closed","template":"","meta":{"_uag_custom_page_level_css":""},"product_brand":[],"product_cat":[61],"product_tag":[114,112],"class_list":{"0":"post-3337","1":"product","2":"type-product","3":"status-publish","4":"has-post-thumbnail","6":"product_cat-morrales","7":"product_tag-novedades-2026","8":"product_tag-temporada-irresistibles","10":"first","11":"outofstock","12":"shipping-taxable","13":"purchasable","14":"product-type-variable"},"aioseo_notices":[],"uagb_featured_image_src":{"full":["https:\/\/miidaz.com\/wp-content\/uploads\/2026\/03\/BO0465-1.jpg",1000,1000,false],"thumbnail":["https:\/\/miidaz.com\/wp-content\/uploads\/2026\/03\/BO0465-1-150x150.jpg",150,150,true],"medium":["https:\/\/miidaz.com\/wp-content\/uploads\/2026\/03\/BO0465-1-300x300.jpg",300,300,true],"medium_large":["https:\/\/miidaz.com\/wp-content\/uploads\/2026\/03\/BO0465-1-768x768.jpg",768,768,true],"large":["https:\/\/miidaz.com\/wp-content\/uploads\/2026\/03\/BO0465-1.jpg",800,800,false],"1536x1536":["https:\/\/miidaz.com\/wp-content\/uploads\/2026\/03\/BO0465-1.jpg",1000,1000,false],"2048x2048":["https:\/\/miidaz.com\/wp-content\/uploads\/2026\/03\/BO0465-1.jpg",1000,1000,false],"woocommerce_thumbnail":["https:\/\/miidaz.com\/wp-content\/uploads\/2026\/03\/BO0465-1-300x300.jpg",300,300,true],"woocommerce_single":["https:\/\/miidaz.com\/wp-content\/uploads\/2026\/03\/BO0465-1-600x600.jpg",600,600,true],"woocommerce_gallery_thumbnail":["https:\/\/miidaz.com\/wp-content\/uploads\/2026\/03\/BO0465-1-100x100.jpg",100,100,true]},"uagb_author_info":{"display_name":"","author_link":"https:\/\/miidaz.com\/?author=0"},"uagb_comment_info":0,"uagb_excerpt":"Dise\u00f1ada para acompa\u00f1arte en cada jornada, esta mochila ofrece un bolsillo frontal para tus objetos de acceso r\u00e1pido, compartimientos laterales; uno de ellos con mayor capacidad para llevar lo que necesites y una cremallera principal que da acceso a un espacio amplio. Adem\u00e1s, cuenta con correa de hombro removible ajustada (79,3) suelta (133,8) y dos&hellip;","_links":{"self":[{"href":"https:\/\/miidaz.com\/index.php?rest_route=\/wp\/v2\/product\/3337","targetHints":{"allow":["GET"]}}],"collection":[{"href":"https:\/\/miidaz.com\/index.php?rest_route=\/wp\/v2\/product"}],"about":[{"href":"https:\/\/miidaz.com\/index.php?rest_route=\/wp\/v2\/types\/product"}],"replies":[{"embeddable":true,"href":"https:\/\/miidaz.com\/index.php?rest_route=%2Fwp%2Fv2%2Fcomments&post=3337"}],"version-history":[{"count":0,"href":"https:\/\/miidaz.com\/index.php?rest_route=\/wp\/v2\/product\/3337\/revisions"}],"wp:featuredmedia":[{"embeddable":true,"href":"https:\/\/miidaz.com\/index.php?rest_route=\/wp\/v2\/media\/54435"}],"wp:attachment":[{"href":"https:\/\/miidaz.com\/index.php?rest_route=%2Fwp%2Fv2%2Fmedia&parent=3337"}],"wp:term":[{"taxonomy":"product_brand","embeddable":true,"href":"https:\/\/miidaz.com\/index.php?rest_route=%2Fwp%2Fv2%2Fproduct_brand&post=3337"},{"taxonomy":"product_cat","embeddable":true,"href":"https:\/\/miidaz.com\/index.php?rest_route=%2Fwp%2Fv2%2Fproduct_cat&post=3337"},{"taxonomy":"product_tag","embeddable":true,"href":"https:\/\/miidaz.com\/index.php?rest_route=%2Fwp%2Fv2%2Fproduct_tag&post=3337"}],"curies":[{"name":"wp","href":"https:\/\/api.w.org\/{rel}","templated":true}]}}