{"id":4890,"date":"2026-03-19T21:11:49","date_gmt":"2026-03-19T21:11:49","guid":{"rendered":"https:\/\/miidaz.com\/product\/herramienta-multiusos-durin\/"},"modified":"2026-03-29T02:16:58","modified_gmt":"2026-03-29T02:16:58","slug":"herramienta-multiusos-durin","status":"publish","type":"product","link":"https:\/\/miidaz.com\/?product=herramienta-multiusos-durin","title":{"rendered":"Herramienta Multiusos Durin"},"content":{"rendered":"<p>Esta herramienta multifunci\u00f3n cuenta con un dise\u00f1o compacto y mango de madera, e integra funciones esenciales como martillo, apilador, extractor de clavos (7,2 X 13,8), dos destornilladores (pala y estrella), navaja (1,7 X 18,1), abrebotellas (2 X 16,2) y una lima de u\u00f1as con cuchillo de sierra (1,7 X 18,7). Su formato plegable permite un f\u00e1cil almacenamiento y transporte, ideal para tareas b\u00e1sicas en distintos entornos.<\/p>\n","protected":false},"excerpt":{"rendered":"<p>Esta herramienta multifunci\u00f3n cuenta con un dise\u00f1o compacto y mango de madera, e integra funciones esenciales como martillo, apilador, extractor de clavos (7,2 X 13,8), dos destornilladores (pala y estrella), navaja (1,7 X 18,1), abrebotellas (2 X 16,2) y una lima de u\u00f1as con cuchillo de sierra (1,7 X 18,7). Su formato plegable permite un [&hellip;]<\/p>\n","protected":false},"featured_media":56551,"comment_status":"open","ping_status":"closed","template":"","meta":{"_uag_custom_page_level_css":""},"product_brand":[],"product_cat":[76],"product_tag":[114,112],"class_list":{"0":"post-4890","1":"product","2":"type-product","3":"status-publish","4":"has-post-thumbnail","6":"product_cat-herramienteros","7":"product_tag-novedades-2026","8":"product_tag-temporada-irresistibles","10":"first","11":"instock","12":"shipping-taxable","13":"purchasable","14":"product-type-variable"},"aioseo_notices":[],"uagb_featured_image_src":{"full":["https:\/\/miidaz.com\/wp-content\/uploads\/2026\/03\/HE0359-1.jpg",1000,1000,false],"thumbnail":["https:\/\/miidaz.com\/wp-content\/uploads\/2026\/03\/HE0359-1-150x150.jpg",150,150,true],"medium":["https:\/\/miidaz.com\/wp-content\/uploads\/2026\/03\/HE0359-1-300x300.jpg",300,300,true],"medium_large":["https:\/\/miidaz.com\/wp-content\/uploads\/2026\/03\/HE0359-1-768x768.jpg",768,768,true],"large":["https:\/\/miidaz.com\/wp-content\/uploads\/2026\/03\/HE0359-1.jpg",800,800,false],"1536x1536":["https:\/\/miidaz.com\/wp-content\/uploads\/2026\/03\/HE0359-1.jpg",1000,1000,false],"2048x2048":["https:\/\/miidaz.com\/wp-content\/uploads\/2026\/03\/HE0359-1.jpg",1000,1000,false],"woocommerce_thumbnail":["https:\/\/miidaz.com\/wp-content\/uploads\/2026\/03\/HE0359-1-300x300.jpg",300,300,true],"woocommerce_single":["https:\/\/miidaz.com\/wp-content\/uploads\/2026\/03\/HE0359-1-600x600.jpg",600,600,true],"woocommerce_gallery_thumbnail":["https:\/\/miidaz.com\/wp-content\/uploads\/2026\/03\/HE0359-1-100x100.jpg",100,100,true]},"uagb_author_info":{"display_name":"","author_link":"https:\/\/miidaz.com\/?author=0"},"uagb_comment_info":0,"uagb_excerpt":"Esta herramienta multifunci\u00f3n cuenta con un dise\u00f1o compacto y mango de madera, e integra funciones esenciales como martillo, apilador, extractor de clavos (7,2 X 13,8), dos destornilladores (pala y estrella), navaja (1,7 X 18,1), abrebotellas (2 X 16,2) y una lima de u\u00f1as con cuchillo de sierra (1,7 X 18,7). Su formato plegable permite un&hellip;","_links":{"self":[{"href":"https:\/\/miidaz.com\/index.php?rest_route=\/wp\/v2\/product\/4890","targetHints":{"allow":["GET"]}}],"collection":[{"href":"https:\/\/miidaz.com\/index.php?rest_route=\/wp\/v2\/product"}],"about":[{"href":"https:\/\/miidaz.com\/index.php?rest_route=\/wp\/v2\/types\/product"}],"replies":[{"embeddable":true,"href":"https:\/\/miidaz.com\/index.php?rest_route=%2Fwp%2Fv2%2Fcomments&post=4890"}],"version-history":[{"count":0,"href":"https:\/\/miidaz.com\/index.php?rest_route=\/wp\/v2\/product\/4890\/revisions"}],"wp:featuredmedia":[{"embeddable":true,"href":"https:\/\/miidaz.com\/index.php?rest_route=\/wp\/v2\/media\/56551"}],"wp:attachment":[{"href":"https:\/\/miidaz.com\/index.php?rest_route=%2Fwp%2Fv2%2Fmedia&parent=4890"}],"wp:term":[{"taxonomy":"product_brand","embeddable":true,"href":"https:\/\/miidaz.com\/index.php?rest_route=%2Fwp%2Fv2%2Fproduct_brand&post=4890"},{"taxonomy":"product_cat","embeddable":true,"href":"https:\/\/miidaz.com\/index.php?rest_route=%2Fwp%2Fv2%2Fproduct_cat&post=4890"},{"taxonomy":"product_tag","embeddable":true,"href":"https:\/\/miidaz.com\/index.php?rest_route=%2Fwp%2Fv2%2Fproduct_tag&post=4890"}],"curies":[{"name":"wp","href":"https:\/\/api.w.org\/{rel}","templated":true}]}}