{"id":5827,"date":"2026-03-19T21:16:50","date_gmt":"2026-03-19T21:16:50","guid":{"rendered":"https:\/\/miidaz.com\/product\/kit-de-escritorio-mcgregor\/"},"modified":"2026-03-29T02:18:00","modified_gmt":"2026-03-29T02:18:00","slug":"kit-de-escritorio-mcgregor","status":"publish","type":"product","link":"https:\/\/miidaz.com\/?product=kit-de-escritorio-mcgregor","title":{"rendered":"Kit de Escritorio McGregor"},"content":{"rendered":"<p>Pr\u00e1ctico set de oficina con dise\u00f1o octogonal y cierre a presi\u00f3n, ideal para mantener organizados los elementos esenciales de escritorio. El estuche incluye ganchos para cosedora, una cosedora (4 X 2,8 X 1,7), tijeras (3,4 X 7,2 X 0,6) y cinta adhesiva transparente con dispensador (3,7 X 2,3 X 1,4).<\/p>\n","protected":false},"excerpt":{"rendered":"<p>Pr\u00e1ctico set de oficina con dise\u00f1o octogonal y cierre a presi\u00f3n, ideal para mantener organizados los elementos esenciales de escritorio. El estuche incluye ganchos para cosedora, una cosedora (4 X 2,8 X 1,7), tijeras (3,4 X 7,2 X 0,6) y cinta adhesiva transparente con dispensador (3,7 X 2,3 X 1,4).<\/p>\n","protected":false},"featured_media":58426,"comment_status":"open","ping_status":"closed","template":"","meta":{"_uag_custom_page_level_css":""},"product_brand":[],"product_cat":[87],"product_tag":[114,112],"class_list":{"0":"post-5827","1":"product","2":"type-product","3":"status-publish","4":"has-post-thumbnail","6":"product_cat-accesorios-de-escritorio","7":"product_tag-novedades-2026","8":"product_tag-temporada-irresistibles","10":"first","11":"instock","12":"shipping-taxable","13":"purchasable","14":"product-type-variable"},"aioseo_notices":[],"uagb_featured_image_src":{"full":["https:\/\/miidaz.com\/wp-content\/uploads\/2026\/03\/OF0647-1.jpg",1000,1000,false],"thumbnail":["https:\/\/miidaz.com\/wp-content\/uploads\/2026\/03\/OF0647-1-150x150.jpg",150,150,true],"medium":["https:\/\/miidaz.com\/wp-content\/uploads\/2026\/03\/OF0647-1-300x300.jpg",300,300,true],"medium_large":["https:\/\/miidaz.com\/wp-content\/uploads\/2026\/03\/OF0647-1-768x768.jpg",768,768,true],"large":["https:\/\/miidaz.com\/wp-content\/uploads\/2026\/03\/OF0647-1.jpg",800,800,false],"1536x1536":["https:\/\/miidaz.com\/wp-content\/uploads\/2026\/03\/OF0647-1.jpg",1000,1000,false],"2048x2048":["https:\/\/miidaz.com\/wp-content\/uploads\/2026\/03\/OF0647-1.jpg",1000,1000,false],"woocommerce_thumbnail":["https:\/\/miidaz.com\/wp-content\/uploads\/2026\/03\/OF0647-1-300x300.jpg",300,300,true],"woocommerce_single":["https:\/\/miidaz.com\/wp-content\/uploads\/2026\/03\/OF0647-1-600x600.jpg",600,600,true],"woocommerce_gallery_thumbnail":["https:\/\/miidaz.com\/wp-content\/uploads\/2026\/03\/OF0647-1-100x100.jpg",100,100,true]},"uagb_author_info":{"display_name":"","author_link":"https:\/\/miidaz.com\/?author=0"},"uagb_comment_info":0,"uagb_excerpt":"Pr\u00e1ctico set de oficina con dise\u00f1o octogonal y cierre a presi\u00f3n, ideal para mantener organizados los elementos esenciales de escritorio. El estuche incluye ganchos para cosedora, una cosedora (4 X 2,8 X 1,7), tijeras (3,4 X 7,2 X 0,6) y cinta adhesiva transparente con dispensador (3,7 X 2,3 X 1,4).","_links":{"self":[{"href":"https:\/\/miidaz.com\/index.php?rest_route=\/wp\/v2\/product\/5827","targetHints":{"allow":["GET"]}}],"collection":[{"href":"https:\/\/miidaz.com\/index.php?rest_route=\/wp\/v2\/product"}],"about":[{"href":"https:\/\/miidaz.com\/index.php?rest_route=\/wp\/v2\/types\/product"}],"replies":[{"embeddable":true,"href":"https:\/\/miidaz.com\/index.php?rest_route=%2Fwp%2Fv2%2Fcomments&post=5827"}],"version-history":[{"count":0,"href":"https:\/\/miidaz.com\/index.php?rest_route=\/wp\/v2\/product\/5827\/revisions"}],"wp:featuredmedia":[{"embeddable":true,"href":"https:\/\/miidaz.com\/index.php?rest_route=\/wp\/v2\/media\/58426"}],"wp:attachment":[{"href":"https:\/\/miidaz.com\/index.php?rest_route=%2Fwp%2Fv2%2Fmedia&parent=5827"}],"wp:term":[{"taxonomy":"product_brand","embeddable":true,"href":"https:\/\/miidaz.com\/index.php?rest_route=%2Fwp%2Fv2%2Fproduct_brand&post=5827"},{"taxonomy":"product_cat","embeddable":true,"href":"https:\/\/miidaz.com\/index.php?rest_route=%2Fwp%2Fv2%2Fproduct_cat&post=5827"},{"taxonomy":"product_tag","embeddable":true,"href":"https:\/\/miidaz.com\/index.php?rest_route=%2Fwp%2Fv2%2Fproduct_tag&post=5827"}],"curies":[{"name":"wp","href":"https:\/\/api.w.org\/{rel}","templated":true}]}}