{"id":6537,"date":"2026-03-19T21:20:19","date_gmt":"2026-03-19T21:20:19","guid":{"rendered":"https:\/\/miidaz.com\/product\/smartwatch-thunder\/"},"modified":"2026-03-29T02:18:41","modified_gmt":"2026-03-29T02:18:41","slug":"smartwatch-thunder","status":"publish","type":"product","link":"https:\/\/miidaz.com\/?product=smartwatch-thunder","title":{"rendered":"Smartwatch Thunder"},"content":{"rendered":"<p>Reloj inteligente con pantalla t\u00e1ctil de 1,3&#8243; TFT Color. Realiza an\u00e1lisis y monitoreo del n\u00famero de pasos, calor\u00edas, distancia, horas de sue\u00f1o, nivel de fatiga, medici\u00f3n de ox\u00edgeno, frecuencia card\u00edaca y presi\u00f3n arterial. Incluye funciones de reloj, cron\u00f3metro, temporizador, control de m\u00fasica y multideporte. Recibe notificaciones de llamadas, WeChat, QQ, Facebook y Twitter. Resistente al agua (nivel IP67). Compatible con Bluetooth 4.2 y con sistemas operativos Android 4.4 y iOS 8.0 o superiores.<\/p>\n","protected":false},"excerpt":{"rendered":"<p>Reloj inteligente con pantalla t\u00e1ctil de 1,3&#8243; TFT Color. Realiza an\u00e1lisis y monitoreo del n\u00famero de pasos, calor\u00edas, distancia, horas de sue\u00f1o, nivel de fatiga, medici\u00f3n de ox\u00edgeno, frecuencia card\u00edaca y presi\u00f3n arterial. Incluye funciones de reloj, cron\u00f3metro, temporizador, control de m\u00fasica y multideporte. Recibe notificaciones de llamadas, WeChat, QQ, Facebook y Twitter. Resistente al [&hellip;]<\/p>\n","protected":false},"featured_media":60155,"comment_status":"open","ping_status":"closed","template":"","meta":{"_uag_custom_page_level_css":""},"product_brand":[],"product_cat":[86],"product_tag":[],"class_list":{"0":"post-6537","1":"product","2":"type-product","3":"status-publish","4":"has-post-thumbnail","6":"product_cat-relojes","8":"first","9":"instock","10":"shipping-taxable","11":"purchasable","12":"product-type-variable"},"aioseo_notices":[],"uagb_featured_image_src":{"full":["https:\/\/miidaz.com\/wp-content\/uploads\/2026\/03\/TE0671-1.jpg",1000,1000,false],"thumbnail":["https:\/\/miidaz.com\/wp-content\/uploads\/2026\/03\/TE0671-1-150x150.jpg",150,150,true],"medium":["https:\/\/miidaz.com\/wp-content\/uploads\/2026\/03\/TE0671-1-300x300.jpg",300,300,true],"medium_large":["https:\/\/miidaz.com\/wp-content\/uploads\/2026\/03\/TE0671-1-768x768.jpg",768,768,true],"large":["https:\/\/miidaz.com\/wp-content\/uploads\/2026\/03\/TE0671-1.jpg",800,800,false],"1536x1536":["https:\/\/miidaz.com\/wp-content\/uploads\/2026\/03\/TE0671-1.jpg",1000,1000,false],"2048x2048":["https:\/\/miidaz.com\/wp-content\/uploads\/2026\/03\/TE0671-1.jpg",1000,1000,false],"woocommerce_thumbnail":["https:\/\/miidaz.com\/wp-content\/uploads\/2026\/03\/TE0671-1-300x300.jpg",300,300,true],"woocommerce_single":["https:\/\/miidaz.com\/wp-content\/uploads\/2026\/03\/TE0671-1-600x600.jpg",600,600,true],"woocommerce_gallery_thumbnail":["https:\/\/miidaz.com\/wp-content\/uploads\/2026\/03\/TE0671-1-100x100.jpg",100,100,true]},"uagb_author_info":{"display_name":"","author_link":"https:\/\/miidaz.com\/?author=0"},"uagb_comment_info":0,"uagb_excerpt":"Reloj inteligente con pantalla t\u00e1ctil de 1,3&#8243; TFT Color. Realiza an\u00e1lisis y monitoreo del n\u00famero de pasos, calor\u00edas, distancia, horas de sue\u00f1o, nivel de fatiga, medici\u00f3n de ox\u00edgeno, frecuencia card\u00edaca y presi\u00f3n arterial. Incluye funciones de reloj, cron\u00f3metro, temporizador, control de m\u00fasica y multideporte. Recibe notificaciones de llamadas, WeChat, QQ, Facebook y Twitter. Resistente al&hellip;","_links":{"self":[{"href":"https:\/\/miidaz.com\/index.php?rest_route=\/wp\/v2\/product\/6537","targetHints":{"allow":["GET"]}}],"collection":[{"href":"https:\/\/miidaz.com\/index.php?rest_route=\/wp\/v2\/product"}],"about":[{"href":"https:\/\/miidaz.com\/index.php?rest_route=\/wp\/v2\/types\/product"}],"replies":[{"embeddable":true,"href":"https:\/\/miidaz.com\/index.php?rest_route=%2Fwp%2Fv2%2Fcomments&post=6537"}],"version-history":[{"count":0,"href":"https:\/\/miidaz.com\/index.php?rest_route=\/wp\/v2\/product\/6537\/revisions"}],"wp:featuredmedia":[{"embeddable":true,"href":"https:\/\/miidaz.com\/index.php?rest_route=\/wp\/v2\/media\/60155"}],"wp:attachment":[{"href":"https:\/\/miidaz.com\/index.php?rest_route=%2Fwp%2Fv2%2Fmedia&parent=6537"}],"wp:term":[{"taxonomy":"product_brand","embeddable":true,"href":"https:\/\/miidaz.com\/index.php?rest_route=%2Fwp%2Fv2%2Fproduct_brand&post=6537"},{"taxonomy":"product_cat","embeddable":true,"href":"https:\/\/miidaz.com\/index.php?rest_route=%2Fwp%2Fv2%2Fproduct_cat&post=6537"},{"taxonomy":"product_tag","embeddable":true,"href":"https:\/\/miidaz.com\/index.php?rest_route=%2Fwp%2Fv2%2Fproduct_tag&post=6537"}],"curies":[{"name":"wp","href":"https:\/\/api.w.org\/{rel}","templated":true}]}}