{"id":6576,"date":"2026-03-19T21:20:33","date_gmt":"2026-03-19T21:20:33","guid":{"rendered":"https:\/\/miidaz.com\/product\/gafas-kona-bay\/"},"modified":"2026-03-29T02:18:45","modified_gmt":"2026-03-29T02:18:45","slug":"gafas-kona-bay","status":"publish","type":"product","link":"https:\/\/miidaz.com\/?product=gafas-kona-bay","title":{"rendered":"Gafas Kona Bay"},"content":{"rendered":"<p>Gafas de sol (Filtro UV400) con auriculares incorporados, fabricadas en pl\u00e1stico ABS y policarbonato. Clasificadas como Tipo C, integran protecci\u00f3n ocular con tecnolog\u00eda de audio avanzada. Cuentan con certificaci\u00f3n de resistencia al agua IPX4, lo que las hace ideales para actividades al aire libre. Su dise\u00f1o ergon\u00f3mico ofrece comodidad, funcionalidad y estilo en un solo dispositivo.<\/p>\n","protected":false},"excerpt":{"rendered":"<p>Gafas de sol (Filtro UV400) con auriculares incorporados, fabricadas en pl\u00e1stico ABS y policarbonato. Clasificadas como Tipo C, integran protecci\u00f3n ocular con tecnolog\u00eda de audio avanzada. Cuentan con certificaci\u00f3n de resistencia al agua IPX4, lo que las hace ideales para actividades al aire libre. Su dise\u00f1o ergon\u00f3mico ofrece comodidad, funcionalidad y estilo en un solo [&hellip;]<\/p>\n","protected":false},"featured_media":60230,"comment_status":"open","ping_status":"closed","template":"","meta":{"_uag_custom_page_level_css":""},"product_brand":[],"product_cat":[108],"product_tag":[],"class_list":{"0":"post-6576","1":"product","2":"type-product","3":"status-publish","4":"has-post-thumbnail","6":"product_cat-gafas","8":"first","9":"instock","10":"shipping-taxable","11":"purchasable","12":"product-type-variable"},"aioseo_notices":[],"uagb_featured_image_src":{"full":["https:\/\/miidaz.com\/wp-content\/uploads\/2026\/03\/TE0682-1.jpg",1000,1000,false],"thumbnail":["https:\/\/miidaz.com\/wp-content\/uploads\/2026\/03\/TE0682-1-150x150.jpg",150,150,true],"medium":["https:\/\/miidaz.com\/wp-content\/uploads\/2026\/03\/TE0682-1-300x300.jpg",300,300,true],"medium_large":["https:\/\/miidaz.com\/wp-content\/uploads\/2026\/03\/TE0682-1-768x768.jpg",768,768,true],"large":["https:\/\/miidaz.com\/wp-content\/uploads\/2026\/03\/TE0682-1.jpg",800,800,false],"1536x1536":["https:\/\/miidaz.com\/wp-content\/uploads\/2026\/03\/TE0682-1.jpg",1000,1000,false],"2048x2048":["https:\/\/miidaz.com\/wp-content\/uploads\/2026\/03\/TE0682-1.jpg",1000,1000,false],"woocommerce_thumbnail":["https:\/\/miidaz.com\/wp-content\/uploads\/2026\/03\/TE0682-1-300x300.jpg",300,300,true],"woocommerce_single":["https:\/\/miidaz.com\/wp-content\/uploads\/2026\/03\/TE0682-1-600x600.jpg",600,600,true],"woocommerce_gallery_thumbnail":["https:\/\/miidaz.com\/wp-content\/uploads\/2026\/03\/TE0682-1-100x100.jpg",100,100,true]},"uagb_author_info":{"display_name":"","author_link":"https:\/\/miidaz.com\/?author=0"},"uagb_comment_info":0,"uagb_excerpt":"Gafas de sol (Filtro UV400) con auriculares incorporados, fabricadas en pl\u00e1stico ABS y policarbonato. Clasificadas como Tipo C, integran protecci\u00f3n ocular con tecnolog\u00eda de audio avanzada. Cuentan con certificaci\u00f3n de resistencia al agua IPX4, lo que las hace ideales para actividades al aire libre. Su dise\u00f1o ergon\u00f3mico ofrece comodidad, funcionalidad y estilo en un solo&hellip;","_links":{"self":[{"href":"https:\/\/miidaz.com\/index.php?rest_route=\/wp\/v2\/product\/6576","targetHints":{"allow":["GET"]}}],"collection":[{"href":"https:\/\/miidaz.com\/index.php?rest_route=\/wp\/v2\/product"}],"about":[{"href":"https:\/\/miidaz.com\/index.php?rest_route=\/wp\/v2\/types\/product"}],"replies":[{"embeddable":true,"href":"https:\/\/miidaz.com\/index.php?rest_route=%2Fwp%2Fv2%2Fcomments&post=6576"}],"version-history":[{"count":0,"href":"https:\/\/miidaz.com\/index.php?rest_route=\/wp\/v2\/product\/6576\/revisions"}],"wp:featuredmedia":[{"embeddable":true,"href":"https:\/\/miidaz.com\/index.php?rest_route=\/wp\/v2\/media\/60230"}],"wp:attachment":[{"href":"https:\/\/miidaz.com\/index.php?rest_route=%2Fwp%2Fv2%2Fmedia&parent=6576"}],"wp:term":[{"taxonomy":"product_brand","embeddable":true,"href":"https:\/\/miidaz.com\/index.php?rest_route=%2Fwp%2Fv2%2Fproduct_brand&post=6576"},{"taxonomy":"product_cat","embeddable":true,"href":"https:\/\/miidaz.com\/index.php?rest_route=%2Fwp%2Fv2%2Fproduct_cat&post=6576"},{"taxonomy":"product_tag","embeddable":true,"href":"https:\/\/miidaz.com\/index.php?rest_route=%2Fwp%2Fv2%2Fproduct_tag&post=6576"}],"curies":[{"name":"wp","href":"https:\/\/api.w.org\/{rel}","templated":true}]}}