{"id":6632,"date":"2026-03-19T21:20:53","date_gmt":"2026-03-19T21:20:53","guid":{"rendered":"https:\/\/miidaz.com\/product\/powerbank-loader-2-200-mah\/"},"modified":"2026-03-29T02:18:49","modified_gmt":"2026-03-29T02:18:49","slug":"powerbank-loader-2-200-mah","status":"publish","type":"product","link":"https:\/\/miidaz.com\/?product=powerbank-loader-2-200-mah","title":{"rendered":"Powerbank Loader 2.200 mAh"},"content":{"rendered":"<p>Pr\u00e1ctico, asequible y amigable con el medio ambiente. Fabricado en bamb\u00fa y RPET, este cargador compacto es f\u00e1cil de transportar y est\u00e1 dise\u00f1ado para acompa\u00f1arte en situaciones de emergencia. Cuenta con entrada tipo C, salida USB y una bater\u00eda de litio de 2200 mAh, ofreciendo una soluci\u00f3n confiable para mantener tus dispositivos cargados en cualquier momento.<\/p>\n","protected":false},"excerpt":{"rendered":"<p>Pr\u00e1ctico, asequible y amigable con el medio ambiente. Fabricado en bamb\u00fa y RPET, este cargador compacto es f\u00e1cil de transportar y est\u00e1 dise\u00f1ado para acompa\u00f1arte en situaciones de emergencia. Cuenta con entrada tipo C, salida USB y una bater\u00eda de litio de 2200 mAh, ofreciendo una soluci\u00f3n confiable para mantener tus dispositivos cargados en cualquier [&hellip;]<\/p>\n","protected":false},"featured_media":60340,"comment_status":"open","ping_status":"closed","template":"","meta":{"_uag_custom_page_level_css":""},"product_brand":[],"product_cat":[105],"product_tag":[],"class_list":{"0":"post-6632","1":"product","2":"type-product","3":"status-publish","4":"has-post-thumbnail","6":"product_cat-pilas-power-bank","8":"first","9":"outofstock","10":"shipping-taxable","11":"purchasable","12":"product-type-variable"},"aioseo_notices":[],"uagb_featured_image_src":{"full":["https:\/\/miidaz.com\/wp-content\/uploads\/2026\/03\/TE0695-1.jpg",1000,1000,false],"thumbnail":["https:\/\/miidaz.com\/wp-content\/uploads\/2026\/03\/TE0695-1-150x150.jpg",150,150,true],"medium":["https:\/\/miidaz.com\/wp-content\/uploads\/2026\/03\/TE0695-1-300x300.jpg",300,300,true],"medium_large":["https:\/\/miidaz.com\/wp-content\/uploads\/2026\/03\/TE0695-1-768x768.jpg",768,768,true],"large":["https:\/\/miidaz.com\/wp-content\/uploads\/2026\/03\/TE0695-1.jpg",800,800,false],"1536x1536":["https:\/\/miidaz.com\/wp-content\/uploads\/2026\/03\/TE0695-1.jpg",1000,1000,false],"2048x2048":["https:\/\/miidaz.com\/wp-content\/uploads\/2026\/03\/TE0695-1.jpg",1000,1000,false],"woocommerce_thumbnail":["https:\/\/miidaz.com\/wp-content\/uploads\/2026\/03\/TE0695-1-300x300.jpg",300,300,true],"woocommerce_single":["https:\/\/miidaz.com\/wp-content\/uploads\/2026\/03\/TE0695-1-600x600.jpg",600,600,true],"woocommerce_gallery_thumbnail":["https:\/\/miidaz.com\/wp-content\/uploads\/2026\/03\/TE0695-1-100x100.jpg",100,100,true]},"uagb_author_info":{"display_name":"","author_link":"https:\/\/miidaz.com\/?author=0"},"uagb_comment_info":0,"uagb_excerpt":"Pr\u00e1ctico, asequible y amigable con el medio ambiente. Fabricado en bamb\u00fa y RPET, este cargador compacto es f\u00e1cil de transportar y est\u00e1 dise\u00f1ado para acompa\u00f1arte en situaciones de emergencia. Cuenta con entrada tipo C, salida USB y una bater\u00eda de litio de 2200 mAh, ofreciendo una soluci\u00f3n confiable para mantener tus dispositivos cargados en cualquier&hellip;","_links":{"self":[{"href":"https:\/\/miidaz.com\/index.php?rest_route=\/wp\/v2\/product\/6632","targetHints":{"allow":["GET"]}}],"collection":[{"href":"https:\/\/miidaz.com\/index.php?rest_route=\/wp\/v2\/product"}],"about":[{"href":"https:\/\/miidaz.com\/index.php?rest_route=\/wp\/v2\/types\/product"}],"replies":[{"embeddable":true,"href":"https:\/\/miidaz.com\/index.php?rest_route=%2Fwp%2Fv2%2Fcomments&post=6632"}],"version-history":[{"count":0,"href":"https:\/\/miidaz.com\/index.php?rest_route=\/wp\/v2\/product\/6632\/revisions"}],"wp:featuredmedia":[{"embeddable":true,"href":"https:\/\/miidaz.com\/index.php?rest_route=\/wp\/v2\/media\/60340"}],"wp:attachment":[{"href":"https:\/\/miidaz.com\/index.php?rest_route=%2Fwp%2Fv2%2Fmedia&parent=6632"}],"wp:term":[{"taxonomy":"product_brand","embeddable":true,"href":"https:\/\/miidaz.com\/index.php?rest_route=%2Fwp%2Fv2%2Fproduct_brand&post=6632"},{"taxonomy":"product_cat","embeddable":true,"href":"https:\/\/miidaz.com\/index.php?rest_route=%2Fwp%2Fv2%2Fproduct_cat&post=6632"},{"taxonomy":"product_tag","embeddable":true,"href":"https:\/\/miidaz.com\/index.php?rest_route=%2Fwp%2Fv2%2Fproduct_tag&post=6632"}],"curies":[{"name":"wp","href":"https:\/\/api.w.org\/{rel}","templated":true}]}}