{"id":6913,"date":"2026-03-19T21:22:42","date_gmt":"2026-03-19T21:22:42","guid":{"rendered":"https:\/\/miidaz.com\/product\/bolso-plegable-de-viajes-trip\/"},"modified":"2026-03-29T02:19:09","modified_gmt":"2026-03-29T02:19:09","slug":"bolso-plegable-de-viajes-trip","status":"publish","type":"product","link":"https:\/\/miidaz.com\/?product=bolso-plegable-de-viajes-trip","title":{"rendered":"Bolso plegable de viajes Trip"},"content":{"rendered":"<p>Bolso plegable con dise\u00f1o funcional que incluye correas para sujetar al equipaje, facilitando su transporte en viajes. El bolsillo peque\u00f1o se convierte en estuche para guardar el bolso cuando no est\u00e1 en uso, y la cremallera principal cuenta con doble carrito para mayor comodidad al abrir y cerrar.<\/p>\n","protected":false},"excerpt":{"rendered":"<p>Bolso plegable con dise\u00f1o funcional que incluye correas para sujetar al equipaje, facilitando su transporte en viajes. El bolsillo peque\u00f1o se convierte en estuche para guardar el bolso cuando no est\u00e1 en uso, y la cremallera principal cuenta con doble carrito para mayor comodidad al abrir y cerrar.<\/p>\n","protected":false},"featured_media":60920,"comment_status":"open","ping_status":"closed","template":"","meta":{"_uag_custom_page_level_css":""},"product_brand":[],"product_cat":[65],"product_tag":[114,112],"class_list":{"0":"post-6913","1":"product","2":"type-product","3":"status-publish","4":"has-post-thumbnail","6":"product_cat-maletas-y-estuches-de-viaje","7":"product_tag-novedades-2026","8":"product_tag-temporada-irresistibles","10":"first","11":"instock","12":"shipping-taxable","13":"purchasable","14":"product-type-variable"},"aioseo_notices":[],"uagb_featured_image_src":{"full":["https:\/\/miidaz.com\/wp-content\/uploads\/2026\/03\/VI0344-1.jpg",1000,1000,false],"thumbnail":["https:\/\/miidaz.com\/wp-content\/uploads\/2026\/03\/VI0344-1-150x150.jpg",150,150,true],"medium":["https:\/\/miidaz.com\/wp-content\/uploads\/2026\/03\/VI0344-1-300x300.jpg",300,300,true],"medium_large":["https:\/\/miidaz.com\/wp-content\/uploads\/2026\/03\/VI0344-1-768x768.jpg",768,768,true],"large":["https:\/\/miidaz.com\/wp-content\/uploads\/2026\/03\/VI0344-1.jpg",800,800,false],"1536x1536":["https:\/\/miidaz.com\/wp-content\/uploads\/2026\/03\/VI0344-1.jpg",1000,1000,false],"2048x2048":["https:\/\/miidaz.com\/wp-content\/uploads\/2026\/03\/VI0344-1.jpg",1000,1000,false],"woocommerce_thumbnail":["https:\/\/miidaz.com\/wp-content\/uploads\/2026\/03\/VI0344-1-300x300.jpg",300,300,true],"woocommerce_single":["https:\/\/miidaz.com\/wp-content\/uploads\/2026\/03\/VI0344-1-600x600.jpg",600,600,true],"woocommerce_gallery_thumbnail":["https:\/\/miidaz.com\/wp-content\/uploads\/2026\/03\/VI0344-1-100x100.jpg",100,100,true]},"uagb_author_info":{"display_name":"","author_link":"https:\/\/miidaz.com\/?author=0"},"uagb_comment_info":0,"uagb_excerpt":"Bolso plegable con dise\u00f1o funcional que incluye correas para sujetar al equipaje, facilitando su transporte en viajes. El bolsillo peque\u00f1o se convierte en estuche para guardar el bolso cuando no est\u00e1 en uso, y la cremallera principal cuenta con doble carrito para mayor comodidad al abrir y cerrar.","_links":{"self":[{"href":"https:\/\/miidaz.com\/index.php?rest_route=\/wp\/v2\/product\/6913","targetHints":{"allow":["GET"]}}],"collection":[{"href":"https:\/\/miidaz.com\/index.php?rest_route=\/wp\/v2\/product"}],"about":[{"href":"https:\/\/miidaz.com\/index.php?rest_route=\/wp\/v2\/types\/product"}],"replies":[{"embeddable":true,"href":"https:\/\/miidaz.com\/index.php?rest_route=%2Fwp%2Fv2%2Fcomments&post=6913"}],"version-history":[{"count":0,"href":"https:\/\/miidaz.com\/index.php?rest_route=\/wp\/v2\/product\/6913\/revisions"}],"wp:featuredmedia":[{"embeddable":true,"href":"https:\/\/miidaz.com\/index.php?rest_route=\/wp\/v2\/media\/60920"}],"wp:attachment":[{"href":"https:\/\/miidaz.com\/index.php?rest_route=%2Fwp%2Fv2%2Fmedia&parent=6913"}],"wp:term":[{"taxonomy":"product_brand","embeddable":true,"href":"https:\/\/miidaz.com\/index.php?rest_route=%2Fwp%2Fv2%2Fproduct_brand&post=6913"},{"taxonomy":"product_cat","embeddable":true,"href":"https:\/\/miidaz.com\/index.php?rest_route=%2Fwp%2Fv2%2Fproduct_cat&post=6913"},{"taxonomy":"product_tag","embeddable":true,"href":"https:\/\/miidaz.com\/index.php?rest_route=%2Fwp%2Fv2%2Fproduct_tag&post=6913"}],"curies":[{"name":"wp","href":"https:\/\/api.w.org\/{rel}","templated":true}]}}